 o = -5*x + 11 - 1. Let c = 4 - x. List the prime factors of c.
2
Let c(y) = 2*y**2 - 15*y - 12. List the prime factors of c(11).
5, 13
Let g be (-4)/12 - 1/(-3). Suppose g = 3*c + 2*c - 25. Suppose 7*v - 34 = c*v. What are the prime factors of v?
17
Suppose -s + 19 = -44. Suppose -3*u + s + 33 = 0. List the prime factors of u.
2
Let n(w) = w**3 - 16*w**2 + 3*w + 23. What are the prime factors of n(16)?
71
Let f(a) = -7*a - 9. What are the prime factors of f(-7)?
2, 5
Suppose -5*s - 1 = -3*g - 3*s, 5*g - 9 = -4*s. Let c = 8 - g. List the prime factors of c.
7
Let g(n) = -n**2 + 25*n + 4. List the prime factors of g(15).
2, 7, 11
Let m(y) = y**2 - 8*y + 6. Let d be m(5). Suppose -r + 4*r + 3 = 5*k, 5*k = -5*r - 45. Let x = r - d. List the prime factors of x.
3
Suppose 15 = 5*n - 0*y + y, 4*n = 5*y - 17. Suppose 250 = 3*a + n*a. List the prime factors of a.
2, 5
Let k be 1 + 1 + -1 - 32. Suppose g = -0*g + 43. Let m = k + g. What are the prime factors of m?
2, 3
Let g = 21 - 10. Let m(l) = l**3 - 10*l**2 - 9*l + 1. List the prime factors of m(g).
23
Let x(u) = 1 - u + 3*u + 4*u. Let w be x(-1). Let d = 10 + w. List the prime factors of d.
5
Let w be ((-36)/(-16))/(2/16). List the prime factors of w/(1*(0 - -2)).
3
What are the prime factors of (-212)/(-7) - 2/7?
2, 3, 5
Let b(h) = h**2 + 2*h + 4. Let a(i) = -i + 1. Let y(t) = 3*a(t) - b(t). List the prime factors of y(-3).
5
Suppose 2*s = -s - 3. Let n be (2*s)/((-10)/(-35)). Let v = 17 + n. What are the prime factors of v?
2, 5
Suppose 0 = -2*f - 3*f + 40. List the prime factors of (18/4)/(2/f).
2, 3
Suppose -2*t - 3*k = t - 18, -3*t + 21 = 2*k. Suppose t*g - 4*g - 95 = 0. What are the prime factors of g?
19
Let b = 48 + -27. What are the prime factors of b?
3, 7
Suppose t - 3*o - 100 = 0, 4*t - o - 25 = 320. What are the prime factors of t?
5, 17
Let t = 22 - -1. Let n = t + -13. What are the prime factors of n?
2, 5
Suppose -4*a = 7 - 111. What are the prime factors of a?
2, 13
List the prime factors of -2*20/(-8) + 3.
2
Let z = 140 + -88. What are the prime factors of z?
2, 13
Suppose 27 = 2*q + q. List the prime factors of q.
3
Suppose -u = -23 - 23. What are the prime factors of u?
2, 23
Suppose -3*j + 4*j + 2*n = 26, -93 = -4*j + 3*n. List the prime factors of j.
2, 3
List the prime factors of -3 + 12/4 + 116.
2, 29
Let u(f) = -5*f + 4*f + 5*f - 3*f + 8. Let d be u(-7). Let o = 13 + d. What are the prime factors of o?
2, 7
Let i(t) = t**3 + 2*t**2 - t + 3. Let u be i(-3). What are the prime factors of u - ((-5)/1 + -2)?
2
Let p(g) = -g + 1. Let x be p(-2). Let w = 8 + -3. List the prime factors of w/((2 - -1)/x).
5
Suppose 4*l = -0*l + 2*k + 970, -4*k - 253 = -l. Let g = l + -53. List the prime factors of g/16 - (-6)/(-8).
11
What are the prime factors of (-444)/(-45) - (-6)/45?
2, 5
Let x(v) = -v**2 - 12*v - 6. Let h be x(-11). Suppose 42 - 7 = t - 5*q, t + 15 = -h*q. What are the prime factors of 6/15 + 36/t?
2
Suppose -5*s = -5*g - 610 - 145, -4*g = 4. List the prime factors of s.
2, 3, 5
Suppose -d + 4 + 2 = 0. What are the prime factors of d?
2, 3
Suppose 3*s + 4 = -5, -4*y - 5*s = -9. What are the prime factors of y?
2, 3
Suppose -2*d + 8 + 74 = 0. List the prime factors of d.
41
Let d(r) = -r**2 - 11*r + 7. What are the prime factors of d(-8)?
31
Suppose 3*p - 150 = 147. List the prime factors of p.
3, 11
Suppose 0 = -5*j - 3*i + 57, 0 = 3*j - 3*i - 51 + 12. What are the prime factors of j?
2, 3
Let b(m) = 2*m**2 - m - 3. Let p be b(-3). Let z = p - 3. What are the prime factors of z?
3, 5
Suppose 1 = 3*r + 7, 2*q + 3*r = 396. List the prime factors of q.
3, 67
Suppose 0 = -j + 5*j - 12. Suppose -j*k - 5*g = -3, 2*g = 5*k - k - 30. What are the prime factors of k?
2, 3
Suppose b = 3*q + 8 - 1, -4*b = -2*q - 38. What are the prime factors of b?
2, 5
Let s(b) = b**3 + 6*b**2 - 8*b - 4. Let p(g) = -g**2 + 7*g - 2. Let v be p(6). Suppose -v*r = -5*r - 7. List the prime factors of s(r).
3
Suppose 5*x + 29 = -2*p, -2*p = x - p + 7. Let o(w) = 4*w - 6*w - w**2 - 4*w. List the prime factors of o(x).
5
Let u(d) = d**3 + 21*d**2 + 18*d + 15. What are the prime factors of u(-20)?
5, 11
Let y(g) = 2*g**2 - 3*g + 3. Let s(q) = -q**2 + 5*q + 8. Let o be s(6). Suppose o = 5*f - 8. List the prime factors of y(f).
5
Suppose 52 = z - 75. List the prime factors of z.
127
Let m = 141 - 36. What are the prime factors of m?
3, 5, 7
Suppose -45*d - 105 = -50*d. List the prime factors of d.
3, 7
Suppose 0 = -4*b - x + 188, -12 = b - 4*x - 42. What are the prime factors of b?
2, 23
Let u(g) = -g + 2. Let r be u(0). Suppose -r = 4*t - 34. List the prime factors of t.
2
Let t be (-5 - 3) + -1*1. Let d(g) be the third derivative of g**5/60 + 7*g**4/24 - g**3/3 + 3*g**2. What are the prime factors of d(t)?
2
Let v(n) = -n**2 - 4*n. Let x be v(-4). Suppose 5*o - 17 + 2 = x. Suppose c + 4*c + 11 = -z, o*c = 2*z - 43. List the prime factors of z.
2, 7
Suppose -2*a + 262 = v + 3*v, 6 = -2*a. List the prime factors of v.
67
Suppose -85 = -5*l - 3*y, -2*l + 18 = -2*y - 32. What are the prime factors of l?
2, 5
Let b be 2/(-7) - 580/28. Let l = 66 + b. Suppose f - v = -f + l, 5*f - 5*v = 105. List the prime factors of f.
2, 3
Let d = 29 - 13. Suppose -f + 12 = 3*o, 5*o + 4 = -f + d. What are the prime factors of f?
2, 3
Let b(g) = g**3 - g**2 - 10*g + 6. List the prime factors of b(5).
2, 7
Let t be 354*(-2 - 5/(-2)). Suppose 33 = -3*d - t. List the prime factors of (28/35)/((-4)/d).
2, 7
Let m = -245 + 432. What are the prime factors of m?
11, 17
Let p = 28 + 86. What are the prime factors of p?
2, 3, 19
Suppose -4*g - g = -3*r - 1100, 2*r = g - 227. What are the prime factors of g?
7, 31
Let n = -17 - -34. What are the prime factors of n?
17
Suppose 0 = 5*h - 121 - 129. What are the prime factors of h?
2, 5
What are the prime factors of ((-340)/(-12) - -4)/(1/3)?
97
Let l be -2 + (-2 - -9 - 0). Let q(j) = 0*j - l*j + j + j. List the prime factors of q(-2).
2, 3
Let w(x) = -x**2 - 7*x + 7. Suppose -48 = 4*t - 4*j, -j - 23 = t + 3*t. List the prime factors of w(t).
7
Suppose 6*h - 4 = 4*h. Let w(b) = -b**2 + 3*b. Let s be w(h). List the prime factors of (-3 - -4)/(1/s).
2
Let k(h) = 2*h**2 - 7*h + 15. What are the prime factors of k(10)?
5, 29
Let z = 216 - 147. Suppose -q + z = 2*q. What are the prime factors of q?
23
Suppose 0 = -5*c - 0*c + 35. What are the prime factors of c?
7
Suppose 4 = 4*p, q - 5*q + 3*p + 29 = 0. List the prime factors of q.
2
Let p(g) be the first derivative of -g**3/3 - 3*g**2/2 - 8*g - 1. Let t be p(-6). Let z = t - -46. List the prime factors of z.
2, 5
Let l(v) = v**3 - 3*v**2 + 3*v - 3. Let i be l(2). What are the prime factors of (11 + -1)/((-1)/i)?
2, 5
Let w(i) = 4*i + 2. Let z be w(-4). Let p = z + 30. List the prime factors of p.
2
Suppose 2*z - 9 = -c, -8*c + 3*c + 5*z = 0. Let k(w) = w**3 - 3*w**2 - 3*w + 4. Let s be k(c). Let b = s + 8. List the prime factors of b.
3
Let j = -64 + 83. List the prime factors of j.
19
Let d = 1 + 5. Suppose -5*r = n - 34, -d - 2 = -4*r + 4*n. Let z(f) = 4*f - 9. List the prime factors of z(r).
3, 5
Suppose u + 5*b = 47, -u - 4*b + 41 = -7. What are the prime factors of u?
2, 13
Suppose 0 = 3*z + v - 102, 0 = -z - 0*z - v + 36. Let i = z + -18. List the prime factors of i.
3, 5
Let c(m) = m**2 - 5*m + 2. Let u be c(5). Suppose 0 = 2*b + u*b. Suppose 4*z - 47 + 3 = b. List the prime factors of z.
11
Suppose 788 = 11*w - 587. List the prime factors of w.
5
Suppose 2*l = -3*l. Suppose l = -2*p + 4*h + 26, 2*p + 37 = 6*p - 5*h. List the prime factors of p.
3
Let t = 2 + 2. Suppose 0 = 3*d - 2*d. Suppose -5*c + d*c - t*z + 47 = 0, -3*z = c - 16. What are the prime factors of c?
7
Let y = 12 - 10. Suppose -8 = y*j - 5*w, -2*w - 20 = 2*j - 4*w. List the prime factors of (-130)/j - (-2)/(-7).
3
Suppose 5*i = 3*d - 64 + 20, -3*i = -2*d + 28. Let p(s) = 10 - s**2 - 14 + 3 + 5*s + 5*s. What are the prime factors of p(d)?
3, 5
Let v = -19 - -31. Suppose -3 + v = 3*z. Let y(h) = 8*h - 2. List the prime factors of y(z).
2, 11
Let a = -22 + 11. List the prime factors of (3 - 3*a) + 3.
3, 13
Suppose 4*s + 5 = -3. Let a(y) = -4*y - 2. List the prime factors of a(s).
2, 3
Let m = -6 - -5. Let t be m + -1*(1 - -2). List the prime factors of (0 + 1)/(t/(-8)).
2
